Convert 10001101000 (base 2) to base 14.
5a8
Convert d5a (base 16) to base 12.
1b8a
-113210 (base 4) to base 5
-22013
-51213 (base 8) to base 7
-115415
Convert 3223 (base 5) to base 16.
1b6
Convert -2201 (base 6) to base 14.
-281
What is 47 (base 11) in base 14?
39
Convert 1401 (base 13) to base 8.
5472
8bb (base 14) to base 3
2101012
1a02 (base 15) to base 12
330b
Convert -343 (base 11) to base 6.
-1522
-30312 (base 5) to base 14
-9db
What is 30193 (base 10) in base 14?
b009
-1d53 (base 15) to base 7
-24411
What is 7543 (base 9) in base 16?
15ab
Convert 2177 (base 13) to base 12.
2845
What is -20130 (base 4) in base 15?
-260
Convert -4b9 (base 12) to base 9.
-876
What is 3b03 (base 13) in base 2?
10000100000101
Convert -204 (base 15) to base 7.
-1216
Convert 866 (base 10) to base 13.
518
Convert -130253 (base 6) to base 5.
-334034
2b1a2 (base 12) to base 11
41704
-100010100001101 (base 2) to base 7
-102352
12023 (base 5) to base 3
1012220
3213 (base 9) to base 7
6612
11001101111001 (base 2) to base 3
200002001
Convert 1109 (base 13) to base 11.
186a
Convert -2340 (base 6) to base 3.
-202220
165 (base 8) to base 2
1110101
Convert -25d (base 15) to base 8.
-1032
672 (base 8) to base 11
372
Convert -123332 (base 5) to base 8.
-11352
Convert -5058 (base 13) to base 14.
-405c
-290 (base 10) to base 6
-1202
Convert 1201220 (base 3) to base 2.
10011110010
Convert -111020 (base 3) to base 5.
-2412
Convert 36801 (base 11) to base 13.
1b0b7
What is -277 (base 13) in base 3?
-121011
Convert 16bc (base 14) to base 15.
1326
3333 (base 7) to base 9
1573
Convert -33404 (base 5) to base 7.
-6602
245043 (base 7) to base 6
544100
Convert 11145 (base 15) to base 3.
2202110202
Convert 222112 (base 3) to base 12.
4b8
Convert -1122321 (base 4) to base 11.
-4409
Convert -65543 (base 7) to base 10.
-16397
Convert 3123 (base 4) to base 3.
22010
Convert -3324 (base 5) to base 4.
-13100
Convert 14642 (base 8) to base 7.
25063
-14001 (base 6) to base 11
-1695
-153 (base 15) to base 13
-1a4
What is 26a (base 16) in base 6?
2510
What is 1012121 (base 3) in base 10?
880
What is 1369 (base 10) in base 8?
2531
What is 644 (base 14) in base 11?
a24
Convert -1201110 (base 3) to base 7.
-3441
-5663 (base 13) to base 14
-458c
Convert -14430 (base 10) to base 6.
-150450
Convert 1102102 (base 3) to base 16.
40d
-20210 (base 4) to base 14
-2b2
Convert -1265 (base 7) to base 5.
-3423
What is -66553 (base 7) in base 8?
-40553
-1031 (base 16) to base 5
-113040
Convert 4933 (base 10) to base 11.
3785
-9819 (base 11) to base 8
-31247
What is -38136 (base 11) in base 2?
-1101010111001011
1722 (base 8) to base 4
33102
Convert -1414 (base 8) to base 10.
-780
What is -14744 (base 11) in base 10?
-20860
-8a6 (base 13) to base 15
-693
-276 (base 11) to base 15
-16a
What is 5071 (base 10) in base 13?
2401
Convert -8044 (base 9) to base 10.
-5872
Convert -c7 (base 15) to base 16.
-bb
625 (base 12) to base 11
742
What is 26ca (base 15) in base 2?
10000001100010
Convert 750b (base 15) to base 5.
1243021
Convert -1062 (base 11) to base 4.
-111313
Convert 12311 (base 4) to base 9.
535
What is -11101202 (base 3) in base 9?
-4352
What is -5b1 (base 15) in base 12?
-8b7
1648 (base 11) to base 4
200331
What is -71 (base 13) in base 6?
-232
8657 (base 15) to base 6
335344
-3330 (base 5) to base 2
-111010001
-552b (base 14) to base 10
-14739
Convert 411 (base 9) to base 14.
19c
-100011001110 (base 2) to base 16
-8ce
131011 (base 8) to base 3
2022112001
Convert -100323102 (base 4) to base 2.
-10000111011010010
What is 2070 (base 8) in base 12?
760
What is -a0a2 (base 13) in base 6?
-250154
What is 3442 (base 10) in base 14?
137c
Convert -1001010000 (base 2) to base 16.
-250
111001011 (base 2) to base 10
459
-11110011111000 (base 2) to base 15
-4958
-894 (base 12) to base 11
-a4a
1111011 (base 3) to base 15
4c4
Convert 7746 (base 9) to base 15.
1a5c
What is 10111000111 (base 2) in base 7?
4212
What is -10100031 (base 4) in base 3?
-212220020
-11100021 (base 3) to base 15
-e11
Convert 101121 (base 3) to base 7.
556
-1010 (base 10) to base 8
-1762
114cd (base 14) to base 13
16235
What is -15c8 (base 13) in base 4?
-302012
134540 (base 6) to base 14
48d6
What is 1001000010000011 (base 2) in base 7?
212600
What is -110110111001 (base 2) in base 14?
-13cd
a3b (base 14) to base 8
3735
Convert -21001322 (base 4) to base 10.
-36986
What is -11011033 (base 4) in base 16?
-514f
Convert -41b (base 12) to base 9.
-735
Convert 32302 (base 4) to base 16.
3b2
What is 3c30 (base 13) in base 11?
6561
Convert -2331 (base 10) to base 11.
-182a
What is -102222 (base 3) in base 6?
-1255
1011000011100101 (base 2) to base 6
545353
Convert 1116 (base 7) to base 16.
195
113013 (base 4) to base 14
779
Convert -2121212 (base 3) to base 12.
-1135
1101000000000 (base 2) to base 13
3050
What is -1011110100101 (base 2) in base 8?
-13645
Convert -101000101001 (base 2) to base 12.
-1609
What is 10aa (base 14) in base 2?
101101001110
Convert 937 (base 11) to base 9.
1484
-1012 (base 6) to base 8
-340
What is 120111020 (base 3) in base 16?
2c1c
-1596 (base 12) to base 5
-40222
Convert 71c (base 14) to base 10.
1398
-120 (base 9) to base 2
-1100011
-14408 (base 9) to base 5
-303214
Convert -18a97 (base 14) to base 9.
-104611
What is b9b (base 14) in base 3?
10010221
What is 126a8 (base 12) in base 8?
61140
-23 (base 15) to base 14
-25
423 (base 15) to base 16
3a5
Convert 110100211 (base 3) to base 6.
105421
-340 (base 5) to base 9
-115
14a94 (base 11) to base 7
116015
What is -5356 (base 8) in base 2?
-101011101110
What is 31013321 (base 4) in base 9?
81655
What is -1dc9 (base 14) in base 7?
-21642
831 (base 11) to base 13
5c1
What is -2717 (base 13) in base 15?
-19d2
What is 34442 (base 9) in base 11?
16284
-1d4 (base 16) to base 4
-13110
10837 (base 9) to base 13
33b2
-349 (base 15) to base 3
-1000120
1a16 (base 14) to base 13
21c5
957 (base 10) to base 12
679
Convert 1b3a3 (base 12) to base 8.
116553
-1531 (base 9) to base 15
-527
Convert 212 (base 11) to base 9.
313
761 (base 9) to base 2
1001101110
What is 383 (base 15) in base 3?
1002120
What is 1cd9 (base 16) in base 13?
3491
What is 10403 (base 5) in base 2?
1011011000
What is 1246 (base 8) in base 9?
833
Convert 10001001010110 (base 2) to base 5.
240130
Convert 3033 (base 9) to base 7.
6315
Convert -4ca (base 14) to base 12.
-682
What is f18d (base 16) in base 4?
33012031
What is -2112122 (base 4) in base 5?
-302001
-1323133 (base 4) to base 15
-251d
Convert 678 (base 10) to base 16.
2a6
Convert -2dd8 (base 14) to base 6.
-102030
What is -3e8 (base 16) in base 13?
-5bc
What is 170a (base 13) in base 3?
11122120
-10 (base 6) to base 2
-110
-575 (base 10) to base 8
-1077
Convert -15a (base 12) to base 10.
-214
2032 (base 6) to base 4
13010
Convert -31233 (base 6) to base 5.
-113242
What is 13a (base 12) in base 11?
163
10011121201 (base 3) to base 10
62416
What is 182 (base 14) in base 10?
310
Convert 10467 (base 9) to base 16.
1b22
Convert -1132320 (base 4) to base 16.
-17b8
What is 24221 (base 5) in base 11?
13a7
What is -5461 (base 10) in base 14?
-1dc1
Convert -2500 (base 8) to base 16.
-540
What is 2101 (base 4) in base 16?
91
What is -26 (base 9) in base 7?
-33
Convert 110020 (base 4) to base 9.
1681
441 (base 6) to base 7
331
What is -2a1a6 (base 11) in base 12?
-20951
Convert 100101 (base 3) to base 9.
311
Convert 201022 (base 3) to base 14.
293
Convert -101111001101000 (base 2) to base 5.
-1233133
What is -8681 (base 10) in base 12?
-5035
What is 710 (base 10) in base 11?
596
Convert -74 (base 16) to base 15.
-7b
-55500 (base 6) to base 15
-2460
Convert 341 (base 9) to base 6.
1144
-2510 (base 8) to base 10
-1352
-202122 (base 3) to base 6
-2325
111111010 (base 3) to base 7
40443
-12023 (base 10) to base 12
-6b5b
a71 (base 12) to base 11
1167
-14231 (base 7) to base 12
-2305
What is 2242232 (base 5) in base 2?
1001110101111101
What is -b3 (base 13) in base 3?
-12102
55461 (base 7) to base 2
11011010000111
Convert 102021021 (base 3) to base 11.
6199
Convert 10022002 (base 3) to base 9.
3262
Convert 134 (base 12) to base 10.
184
Convert -141353 (base 8) to base 11.
-34543
Convert 42a7 (base 16) to base 9.
25358
-1338 (base 11) to base 9
-2337
3015 (base 15) to base 7
41402